et o be d(-6). Suppose -o = 4*y - 7*y. What is the tens digit of y?
0
Let x be 10*(-2 - 256/10). Suppose o + 3*l + 440 = 0, 0 = o - 2*l - 2*l + 461. Let z = x - o. What is the tens digit of z?
7
Suppose -3 = g + 3*z, 2*g - 2*z - 4 + 2 = 0. Let w be (-464)/(-4) + g + 0. Suppose -2*u = 3*u - 4*l - 104, 4*u = -5*l + w. What is the tens digit of u?
2
Suppose -5*q = k - 6693, -336*k - 4*q = -331*k - 33444. What is the tens digit of k?
8
Let l = -1571 + 1101. Let s = -291 - l. What is the units digit of s?
9
Let a(d) = 126*d - 3 - 96*d + 10 + 6*d**2. What is the tens digit of a(-10)?
0
What is the units digit of (2/(-22) + 19346/(-1122))*-36?
4
Suppose 263815 = -14532*k + 14551*k. What is the thousands digit of k?
3
Let x(m) = 2*m**3 + 10*m**2 + 12*m + 2. Let o be x(-3). What is the units digit of 16/(-8) + o - (-405 + 0)?
5
Suppose 5*n - 45748 = 2*m, -6*n - 12 = -3*n. What is the units digit of m/(-22) - (-52)/(-286)?
0
Suppose -4*f = 3*l - 9, 0*l + 12 = 4*f + 4*l. What is the hundreds digit of 1101/(-3)*(2 - f)*-1?
7
Let m(s) = -9*s**3 + 6*s**2 + 18. Let p(r) = -4*r**3 + 4*r**2 + 10. Let l(h) = 3*m(h) - 5*p(h). Let z be (3/4)/((-1)/4). What is the units digit of l(z)?
5
Suppose 0 = 3*i + 4 - 13. Suppose 1672 = 20*x - x. Suppose 0 = i*d - 2*d - x. What is the tens digit of d?
8
Suppose 5*u - u + h - 74 = 0, -2*u + 4*h = -46. Let b = u - 17. What is the units digit of 2 + 67 + 3 - b?
0
Let i be 38/(-6) + (-3)/((-27)/(-6)). Let w(r) = r**2 + 14*r - 6. Let y be w(i). Let d = 20 - y. What is the tens digit of d?
7
What is the thousands digit of (5 - (-48)/(-8) - 2) + 4500?
4
Let l(i) = 2275*i - 2618. What is the thousands digit of l(21)?
5
Suppose 281*u - 185*u - 628224 = 0. What is the tens digit of u?
4
Let h be ((-15)/(-25))/(5/25). Suppose -5*i + 5*j = -1015, -h*j - j = -5*i + 1012. What is the units digit of 1*(-4)/14 + i/14?
4
Let b = -27 + 46. Suppose -12 = -23*q + b*q. Suppose q*k + v - 293 = -4*v, 3*k + 2*v - 281 = 0. What is the units digit of k?
1
What is the units digit of (-22)/((-4)/414*((-9912)/(-658) + -15))?
3
Let f = -131 - -142. Suppose -10*a - f*a = -32886. What is the units digit of a?
6
Suppose -16*p - 53222 + 258038 = 0. What is the tens digit of p?
0
Suppose -4*f + 19228 = 4*w, 341 = -w - 2*f + 5151. What is the tens digit of w?
0
Let w(z) = z**3 - 33*z**2 - 3*z + 100. Let m be w(33). Let s(g) = 1741*g**3 - 5*g**2 + 9*g - 3. What is the thousands digit of s(m)?
1
What is the thousands digit of (5 - 81003/52)*-4?
6
Suppose 2*i + 15329 = 4*t - 8545, -6 = 2*i. What is the units digit of t?
7
Suppose -11*o = -15*o + 16. Suppose -2411 = -5*c - 3*a, -8 = o*a - 8*a. What is the tens digit of c?
8
Let m be (-53840)/20 + 3/((-6)/(-8)). What is the units digit of m/((-42)/6) - 4?
0
Suppose -402732 = 59*c - 158*c. What is the units digit of c?
8
Suppose 0 = 3*n - 168*q + 170*q - 79166, -4*q = 3*n - 79180. What is the hundreds digit of n?
3
Let n(t) = t**3 + 8*t**2 + 5*t + 1. Let v be n(-7). Let f be 1*(81/v - 8/20). Suppose f*u + i = -i + 105, 3*u - i = 52. What is the tens digit of u?
1
Suppose -r - 5*y + 5 = 0, 3*y = 5*r - y + 4. Suppose -6*t - 5*t + 4565 = r. Suppose q = 3*n + 131, 0 = 4*q - q + 2*n - t. What is the hundreds digit of q?
1
Let u = -122667 - -174078. What is the thousands digit of u?
1
Let t(j) = -j**2 + 5*j + 17. Let p be t(7). Suppose p*z + 673 = 2014. What is the units digit of z?
7
Let o = -57 + 465. What is the hundreds digit of 210/(-28)*o/(-10)?
3
Suppose -5*w - 3075 = 20*w. Let h = -23 - w. What is the tens digit of h?
0
Let u = -11417 - -15137. What is the thousands digit of u?
3
Let m = -242 - -575. What is the hundreds digit of 401913/m + (-2)/(-37)?
2
Let j = 63626 + -38830. What is the units digit of j?
6
Let y be 1/(-1*1/5) + 5. Suppose y = 13*f + 22*f - 24045. What is the units digit of f?
7
Let j be 333/117 - (-3)/((-117)/(-6)). Let n(v) = 12*v**3 + 5*v**2 - 5*v + 5. What is the hundreds digit of n(j)?
3
Let l(r) be the third derivative of 7*r**5/60 - r**4/6 - 7*r**3/3 - 8*r**2. What is the tens digit of l(-6)?
6
What is the ten thousands digit of 8/(-12) + 548988/144*4?
1
Let c be -9*(30/72 + 1/4). Let l be (c + 5)*(-2 - -2). Suppose n + 2*b - 80 = l, -5*n + 210 = -5*b - 250. What is the tens digit of n?
8
Let q = -6543 - -21532. What is the units digit of q?
9
What is the thousands digit of 25/(-10)*(31801/(-35) - 9)?
2
Suppose 57*c + 58256 = 65*c. What is the tens digit of c?
8
Suppose 0 = 17*d - 10*d - 63. Suppose -d*k = -15528 + 3882. What is the hundreds digit of k?
2
Let n(j) = 126*j + 256. What is the tens digit of n(10)?
1
Let b(n) = -n**3 + 9*n**2 - 9*n + 11. Let v be b(8). Let d be (v/(-5))/(2*(-2)/(-20)). What is the tens digit of (-1)/d + (-682)/(-33)?
2
Let z(v) be the second derivative of v**4/12 - v**3/6 + 6*v**2 + 29*v. Let i(n) be the first derivative of z(n). What is the tens digit of i(15)?
2
Suppose -24*d + 8 = -20*d. Suppose -3*k - 103 = -8*k - d*l, -4*k + 3*l + 87 = 0. What is the units digit of k?
1
Let m(z) = -4*z**2 + 2*z - 2. Let x be m(-2). Let h = -18 - x. Suppose 0 = h*v + 3 + 5, -a + 165 = -2*v. What is the tens digit of a?
6
Let b = -1212 - -2775. Suppose 0 = -3*v + 3*u + 3855, -4*v - u + 3597 = -b. What is the tens digit of v?
8
Let p be (1 - 191)*((-55)/10 - -6). Let d = p - -90. What is the units digit of 22 + (d - -17)/(-4)?
9
Let a(k) = k**3 - 13*k**2 - k + 15. Let t be a(13). Let g be 2 + t - (-210)/(-7). What is the units digit of (481/g)/((-1)/2)?
7
What is the tens digit of -294*(1 - 4/48*1784)?
1
Let b(h) = h**3 + h**2 - 3*h + 59. Let f be b(0). Suppose -52*t - 28 = -f*t. What is the units digit of t?
4
Let g be -4 + 15 + -7 + 3468. Suppose -18*o + 4286 = -g. What is the units digit of o?
1
Let l(c) = c**3 - 7*c**2 + c - 5. Let f be l(7). Suppose 3*w - f*y - 10 = 7*w, 5*y + 5 = 0. What is the tens digit of ((-21)/w)/((-18)/(-324))?
8
Let c(s) = 3*s**3 + 6*s**2 - 7*s - 15. Let x(o) = -o**3 - o**2 + 2*o + 2. Let g(w) = c(w) + 2*x(w). Let t = 4 - 7. What is the units digit of g(t)?
7
What is the tens digit of (-22568)/6*52/(5408/(-546))?
4
Let p(n) = -n**2 + 10*n - 5. Let f be p(10). What is the units digit of 27824/40 - 2/f?
6
Suppose -2*a = -3*a + 1. Let l be 1/(a/25*5). Let d(y) = 15*y + 17. What is the units digit of d(l)?
2
Let g(v) = v**3 - 4*v**2 - 2*v + 10. Suppose 44 = 3*m + 4*j, 3*m - 4*m - 5*j = -33. Let i be g(m). Let k = -174 + i. What is the tens digit of k?
7
Let v = -2715 - -6051. Suppose 99*b - 93*b - v = 0. What is the units digit of b?
6
Let q = 3277 - -5336. What is the units digit of q?
3
Let q(v) = -82*v + 606. What is the hundreds digit of q(-8)?
2
Suppose -72 = 57*t - 243. Suppose -c = r - 721, r = 2*r + t*c - 719. What is the units digit of r?
2
Suppose 2*m + 2*u = 60, -3*m + 0*m + 92 = 4*u. Suppose -m*f = -23*f - 40. Suppose -3234 = f*k - 22*k. What is the units digit of k?
1
Suppose -103685 = -12*h + 3*h + 78556. What is the units digit of h?
9
Let y be 3*((-1)/(-3) - 0). Suppose -94 + 85 = -3*t. Suppose 2*d - 5*q - 265 = -t*d, q + y = 0. What is the tens digit of d?
5
Suppose 4*n - 35767 = -4*c + 7*n, 2*n - 6 = 0. What is the tens digit of ((-50)/4 + -1)/((-104)/c)?
6
Let h be (-3)/(-4) + 1790/(-40). Let s = h + 85. Suppose -s = -2*b - 5. What is the units digit of b?
8
Let i(b) = -11*b**2 + 10*b - 1. Let a be i(-11). Let q be 8/4*a/(-4) - -1. Suppose -2*s - 4*l = -340, 27 - q = -4*s - 3*l. What is the tens digit of s?
7
Suppose 27*b - 187942 = 73796. What is the hundreds digit of b?
6
Suppose -2*x + 0*m + 10200 = -4*m, 0 = 4*x + 4*m - 20388. What is the thousands digit of x?
5
Suppose -14*j - 4694 = -75310. What is the thousands digit of j?
5
Let u = 68 - 376. Let i = -150 - u. What is the tens digit of i?
5
Let j be -1*(-1 - -2) - -3. Suppose j*p - 4*m + 3 = 309, -4*p + 660 = 4*m. Let t = -90 + p. What is the tens digit of t?
7
Suppose -55*d = -2364 - 2696. Let t = 106 - 194. Let f = t + d. What is the units digit of f?
4
Let j = -343 + 353. Suppose -11*q + 81 = -j*q. What is the units digit of q?
1
Let u(q) be the third derivative of q**6/120 - q**5/5 + 13*q**4/24 - 3*q**3/2 + 59*q**2. What is the tens digit of u(11)?
1
What is the thousands digit of (-1 - 76/(-84)) + 3665800/420?
8
Let g(r) = r + 12. Let n be (10 + -17)/(0 - -1). L